{"id":51041,"date":"2019-09-05T11:51:44","date_gmt":"2019-09-05T15:51:44","guid":{"rendered":"http:\/\/icleicanada.org\/?post_type=project&#038;p=51041\/"},"modified":"2019-09-05T11:55:47","modified_gmt":"2019-09-05T15:55:47","slug":"landscape-assessment-needs-analysis-in-support-of-integrating-climate-data-into-municipal-planning-analysis-decision-making","status":"publish","type":"project","link":"https:\/\/icleicanada.org\/fr\/project\/landscape-assessment-needs-analysis-in-support-of-integrating-climate-data-into-municipal-planning-analysis-decision-making\/","title":{"rendered":"\u00c9valuation du portrait de la situation et analyse des besoins pour appuyer l\u2019int\u00e9gration des donn\u00e9es climatiques dans les processus municipaux de planification, d\u2019analyse et de prise de d\u00e9cisions"},"content":{"rendered":"<p>[et_pb_section fb_built=\u00a0\u00bb1&Prime; fullwidth=\u00a0\u00bbon\u00a0\u00bb _builder_version=\u00a0\u00bb3.20.2&Prime;][et_pb_fullwidth_header title=\u00a0\u00bb\u00c9valuation du portrait de la situation et analyse des besoins \u00a0\u00bb subhead=\u00a0\u00bbPOUR APPUYER L\u2019INT\u00c9GRATION DES DONN\u00c9ES CLIMATIQUES DANS LES PROCESSUS MUNICIPAUX DE PLANIFICATION, D\u2019ANALYSE ET DE PRISE DE D\u00c9CISIONS\u00a0\u00bb text_orientation=\u00a0\u00bbcenter\u00a0\u00bb scroll_down_icon_size=\u00a0\u00bb61px\u00a0\u00bb background_overlay_color=\u00a0\u00bbrgba(30,30,30,0.29)\u00a0\u00bb _builder_version=\u00a0\u00bb3.20.2&Prime; title_font=\u00a0\u00bbMontserrat|300||on|||||\u00a0\u00bb title_font_size=\u00a0\u00bb51px\u00a0\u00bb title_letter_spacing=\u00a0\u00bb3px\u00a0\u00bb title_line_height=\u00a0\u00bb1.2em\u00a0\u00bb content_font=\u00a0\u00bb||||||||\u00a0\u00bb content_font_size=\u00a0\u00bb23px\u00a0\u00bb content_line_height=\u00a0\u00bb2.2em\u00a0\u00bb subhead_font=\u00a0\u00bb|||on|||||\u00a0\u00bb subhead_font_size=\u00a0\u00bb24px\u00a0\u00bb subhead_letter_spacing=\u00a0\u00bb1px\u00a0\u00bb subhead_line_height=\u00a0\u00bb1.1em\u00a0\u00bb background_color=\u00a0\u00bbrgba(51,0,41,0.35)\u00a0\u00bb use_background_color_gradient=\u00a0\u00bbon\u00a0\u00bb background_image=\u00a0\u00bbhttp:\/\/icleicanada.org\/wp-content\/uploads\/2019\/06\/Header-Oh-Canada-by-Shawn-Harquail-flickr.jpg\u00a0\u00bb][\/et_pb_fullwidth_header][\/et_pb_section][et_pb_section fb_built=\u00a0\u00bb1&Prime; _builder_version=\u00a0\u00bb3.20.2&Prime; custom_padding=\u00a0\u00bb3px|0px|36px|0px|false|false\u00a0\u00bb][et_pb_row make_fullwidth=\u00a0\u00bbon\u00a0\u00bb custom_width_px=\u00a0\u00bb2600px\u00a0\u00bb custom_padding=\u00a0\u00bb0|0px|57px|0px|false|false\u00a0\u00bb _builder_version=\u00a0\u00bb3.20.2&Prime; module_alignment=\u00a0\u00bbcenter\u00a0\u00bb][et_pb_column type=\u00a0\u00bb1_2&Prime; _builder_version=\u00a0\u00bb3.20.2&Prime;][et_pb_image src=\u00a0\u00bbhttp:\/\/icleicanada.org\/wp-content\/uploads\/2019\/06\/Content-Waterfront-and-Canada-Place-Vancouver-by-Alex-Costin-flickr.jpg\u00a0\u00bb align=\u00a0\u00bbcenter\u00a0\u00bb _builder_version=\u00a0\u00bb3.20.2&Prime; custom_margin=\u00a0\u00bb||\u00a0\u00bb custom_padding=\u00a0\u00bb172px||\u00a0\u00bb][\/et_pb_image][\/et_pb_column][et_pb_column type=\u00a0\u00bb1_2&Prime; _builder_version=\u00a0\u00bb3.20.2&Prime;][et_pb_divider color=\u00a0\u00bbrgba(0,73,50,0.92)\u00a0\u00bb _builder_version=\u00a0\u00bb3.20.2&Prime; max_width=\u00a0\u00bb14%\u00a0\u00bb module_alignment=\u00a0\u00bbleft\u00a0\u00bb custom_margin=\u00a0\u00bb115px||\u00a0\u00bb][\/et_pb_divider][et_pb_text _builder_version=\u00a0\u00bb3.20.2&Prime; text_font=\u00a0\u00bb|300|||||||\u00a0\u00bb text_font_size=\u00a0\u00bb16px\u00a0\u00bb header_font=\u00a0\u00bbMontserrat|300|||||||\u00a0\u00bb header_text_color=\u00a0\u00bbrgba(0,73,50,0.92)\u00a0\u00bb header_font_size=\u00a0\u00bb36px\u00a0\u00bb header_line_height=\u00a0\u00bb1.1em\u00a0\u00bb]<\/p>\n<h1>\u00c9valuation du portrait de la situation et analyse des besoins pour appuyer l\u2019int\u00e9gration des donn\u00e9es climatiques dans les processus municipaux de planification, d\u2019analyse et de prise de d\u00e9cisions\u00a0<\/h1>\n<p>ICLEI Canada a travaill\u00e9 avec Urban Systems sur un projet pour mesurer l\u2019\u00e9tat de la planification de l\u2019adaptation dans les collectivit\u00e9s canadiennes, pour analyser les processus d\u00e9cisionnels municipaux actuels en vue de cerner les forces, les faiblesses, les occasions et les risques, et pour d\u00e9terminer les lacunes possibles des produits du savoir afin de mener une planification sur les changements climatiques \u00e0 l\u2019\u00e9chelle locale. Nous avons men\u00e9 une \u00e9valuation du portrait de la situation dans plus de 700 collectivit\u00e9s au Canada pour d\u00e9terminer si l\u2019adaptation aux changements climatiques a \u00e9t\u00e9 consid\u00e9r\u00e9e dans les documents de planification prioritaires des municipalit\u00e9s et, si c\u2019est le cas, comment l\u2019adaptation est envisag\u00e9e dans ces documents. Nous avons ensuite analys\u00e9 un plus petit \u00e9chantillon de municipalit\u00e9s pour d\u00e9terminer si l\u2019adaptation aux changements climatiques est int\u00e9gr\u00e9e \u00e0 d\u2019autres planifications strat\u00e9giques ou directrices, notamment des plans de gestion des actifs, des plans d\u2019intervention en cas d\u2019urgence et des plans de gestion des eaux de ruissellement. Par la suite, nous avons men\u00e9 des dizaines d\u2019entrevues t\u00e9l\u00e9phoniques aupr\u00e8s de municipalit\u00e9s s\u00e9lectionn\u00e9es pour comprendre les \u00e9ventuelles lacunes en mati\u00e8re de donn\u00e9es ou de connaissances qui nuisent au processus de planification de l\u2019adaptation \u00e0 l\u2019\u00e9chelle locale.<\/p>\n<p>Parall\u00e8lement, Urban Systems a men\u00e9 une analyse FFPM des processus d\u00e9cisionnels municipaux actuels pour cerner les points d\u2019entr\u00e9e afin que les municipalit\u00e9s puissent int\u00e9grer les donn\u00e9es sur les changements climatiques dans leur processus d\u00e9cisionnel. Cette analyse a \u00e9galement permis d\u2019\u00e9tablir la disponibilit\u00e9 d\u2019outils, de cadres de travail et de techniques pour que les municipalit\u00e9s entament le processus de planification de l\u2019adaptation. Ultimement, les r\u00e9sultats du projet ont \u00e9clair\u00e9 le Groupe de travail technique collaboratif sur les services climatiques municipaux (une initiative de la F\u00e9d\u00e9ration canadienne des municipalit\u00e9s et d\u2019Environnement et Changement climatique Canada) pour aider \u00e0 d\u00e9terminer les types d\u2019outils et de ressources qui devraient \u00eatre d\u00e9velopp\u00e9s pour appuyer la planification en mati\u00e8re de changements climatiques \u00e0 l\u2019\u00e9chelle locale.<\/p>\n<p>Pour obtenir plus d\u2019information sur ce projet, communiquez avec\u00a0<a href=\"mailto:ewa.jackson@iclei.org\">ewa.jackson@iclei.org<\/a>.<span style=\"font-size: 16px;\">\u00a0<\/span><\/p>\n<p>[\/et_pb_text][\/et_pb_column][\/et_pb_row][et_pb_row use_custom_width=\u00a0\u00bbon\u00a0\u00bb custom_width_px=\u00a0\u00bb1874px\u00a0\u00bb custom_padding=\u00a0\u00bb0|0px||0px|false|false\u00a0\u00bb make_equal=\u00a0\u00bbon\u00a0\u00bb _builder_version=\u00a0\u00bb3.20.2&Prime; module_alignment=\u00a0\u00bbcenter\u00a0\u00bb][et_pb_column type=\u00a0\u00bb1_2&Prime; _builder_version=\u00a0\u00bb3.20.2&Prime;][et_pb_blurb title=\u00a0\u00bbConsultation\u00a0\u00bb url=\u00a0\u00bbhttp:\/\/icleicanada.org\/fr\/consulting\/\u00a0\u00bb url_new_window=\u00a0\u00bbon\u00a0\u00bb use_icon=\u00a0\u00bbon\u00a0\u00bb font_icon=\u00a0\u00bb%%74%%\u00a0\u00bb icon_color=\u00a0\u00bbrgba(0,73,50,0.92)\u00a0\u00bb use_icon_font_size=\u00a0\u00bbon\u00a0\u00bb icon_font_size=\u00a0\u00bb61px\u00a0\u00bb _builder_version=\u00a0\u00bb3.20.2&Prime; header_font=\u00a0\u00bb||||||||\u00a0\u00bb header_font_size=\u00a0\u00bb22px\u00a0\u00bb header_line_height=\u00a0\u00bb1.4em\u00a0\u00bb body_font=\u00a0\u00bb||||||||\u00a0\u00bb text_orientation=\u00a0\u00bbcenter\u00a0\u00bb][\/et_pb_blurb][\/et_pb_column][et_pb_column type=\u00a0\u00bb1_2&Prime; _builder_version=\u00a0\u00bb3.20.2&Prime;][et_pb_blurb title=\u00a0\u00bbFormation et ateliers\u00a0\u00bb url=\u00a0\u00bbhttp:\/\/icleicanada.org\/fr\/training-and-workshops\/\u00a0\u00bb url_new_window=\u00a0\u00bbon\u00a0\u00bb use_icon=\u00a0\u00bbon\u00a0\u00bb font_icon=\u00a0\u00bb%%157%%\u00a0\u00bb icon_color=\u00a0\u00bbrgba(0,73,50,0.92)\u00a0\u00bb use_icon_font_size=\u00a0\u00bbon\u00a0\u00bb icon_font_size=\u00a0\u00bb61px\u00a0\u00bb _builder_version=\u00a0\u00bb3.20.2&Prime; header_level=\u00a0\u00bbh1&Prime; header_font=\u00a0\u00bb||||||||\u00a0\u00bb header_font_size=\u00a0\u00bb22px\u00a0\u00bb header_line_height=\u00a0\u00bb1.4em\u00a0\u00bb body_font=\u00a0\u00bb||||||||\u00a0\u00bb text_orientation=\u00a0\u00bbcenter\u00a0\u00bb][\/et_pb_blurb][\/et_pb_column][\/et_pb_row][et_pb_row make_fullwidth=\u00a0\u00bbon\u00a0\u00bb custom_padding=\u00a0\u00bb49px|0px|27px|0px|false|false\u00a0\u00bb _builder_version=\u00a0\u00bb3.20.2&Prime;][et_pb_column type=\u00a0\u00bb4_4&Prime; _builder_version=\u00a0\u00bb3.20.2&Prime;][et_pb_text _builder_version=\u00a0\u00bb3.20.2&Prime; text_font=\u00a0\u00bb||||||||\u00a0\u00bb text_font_size=\u00a0\u00bb8px\u00a0\u00bb]Photos: Header &#8211; Oh Canada by Shawn Harquail flickr and\u00a0Content &#8211; Waterfront and Canada Place Vancouver by Alex Costin flickr<br \/>\n[\/et_pb_text][\/et_pb_column][\/et_pb_row][\/et_pb_section]<\/p>\n","protected":false},"excerpt":{"rendered":"<p>[et_pb_section fb_built=\u00a0\u00bb1&Prime; fullwidth=\u00a0\u00bbon\u00a0\u00bb _builder_version=\u00a0\u00bb3.20.2&Prime;][et_pb_fullwidth_header title=\u00a0\u00bb\u00c9valuation du portrait de la situation et analyse des besoins \u00a0\u00bb subhead=\u00a0\u00bbPOUR APPUYER L\u2019INT\u00c9GRATION DES DONN\u00c9ES CLIMATIQUES DANS LES PROCESSUS MUNICIPAUX DE PLANIFICATION, D\u2019ANALYSE ET DE PRISE DE D\u00c9CISIONS\u00a0\u00bb text_orientation=\u00a0\u00bbcenter\u00a0\u00bb scroll_down_icon_size=\u00a0\u00bb61px\u00a0\u00bb background_overlay_color=\u00a0\u00bbrgba(30,30,30,0.29)\u00a0\u00bb _builder_version=\u00a0\u00bb3.20.2&Prime; title_font=\u00a0\u00bbMontserrat|300||on|||||\u00a0\u00bb title_font_size=\u00a0\u00bb51px\u00a0\u00bb title_letter_spacing=\u00a0\u00bb3px\u00a0\u00bb title_line_height=\u00a0\u00bb1.2em\u00a0\u00bb content_font=\u00a0\u00bb||||||||\u00a0\u00bb content_font_size=\u00a0\u00bb23px\u00a0\u00bb content_line_height=\u00a0\u00bb2.2em\u00a0\u00bb subhead_font=\u00a0\u00bb|||on|||||\u00a0\u00bb subhead_font_size=\u00a0\u00bb24px\u00a0\u00bb subhead_letter_spacing=\u00a0\u00bb1px\u00a0\u00bb subhead_line_height=\u00a0\u00bb1.1em\u00a0\u00bb background_color=\u00a0\u00bbrgba(51,0,41,0.35)\u00a0\u00bb use_background_color_gradient=\u00a0\u00bbon\u00a0\u00bb background_image=\u00a0\u00bbhttp:\/\/icleicanada.org\/wp-content\/uploads\/2019\/06\/Header-Oh-Canada-by-Shawn-Harquail-flickr.jpg\u00a0\u00bb][\/et_pb_fullwidth_header][\/et_pb_section][et_pb_section fb_built=\u00a0\u00bb1&Prime; _builder_version=\u00a0\u00bb3.20.2&Prime; custom_padding=\u00a0\u00bb3px|0px|36px|0px|false|false\u00a0\u00bb][et_pb_row make_fullwidth=\u00a0\u00bbon\u00a0\u00bb [&hellip;]<\/p>\n","protected":false},"author":2,"featured_media":49390,"comment_status":"closed","ping_status":"closed","template":"","meta":{"_et_pb_use_builder":"on","_et_pb_old_content":"","_et_gb_content_width":"","footnotes":""},"project_category":[68,74,72],"project_tag":[],"class_list":["post-51041","project","type-project","status-publish","has-post-thumbnail","hentry","project_category-adaptation-et-planification-de-la-resilience","project_category-consultation","project_category-formation-et-ateliers"],"_links":{"self":[{"href":"https:\/\/icleicanada.org\/fr\/wp-json\/wp\/v2\/project\/51041","targetHints":{"allow":["GET"]}}],"collection":[{"href":"https:\/\/icleicanada.org\/fr\/wp-json\/wp\/v2\/project"}],"about":[{"href":"https:\/\/icleicanada.org\/fr\/wp-json\/wp\/v2\/types\/project"}],"author":[{"embeddable":true,"href":"https:\/\/icleicanada.org\/fr\/wp-json\/wp\/v2\/users\/2"}],"replies":[{"embeddable":true,"href":"https:\/\/icleicanada.org\/fr\/wp-json\/wp\/v2\/comments?post=51041"}],"version-history":[{"count":5,"href":"https:\/\/icleicanada.org\/fr\/wp-json\/wp\/v2\/project\/51041\/revisions"}],"predecessor-version":[{"id":51049,"href":"https:\/\/icleicanada.org\/fr\/wp-json\/wp\/v2\/project\/51041\/revisions\/51049"}],"wp:featuredmedia":[{"embeddable":true,"href":"https:\/\/icleicanada.org\/fr\/wp-json\/wp\/v2\/media\/49390"}],"wp:attachment":[{"href":"https:\/\/icleicanada.org\/fr\/wp-json\/wp\/v2\/media?parent=51041"}],"wp:term":[{"taxonomy":"project_category","embeddable":true,"href":"https:\/\/icleicanada.org\/fr\/wp-json\/wp\/v2\/project_category?post=51041"},{"taxonomy":"project_tag","embeddable":true,"href":"https:\/\/icleicanada.org\/fr\/wp-json\/wp\/v2\/project_tag?post=51041"}],"curies":[{"name":"wp","href":"https:\/\/api.w.org\/{rel}","templated":true}]}}

Évaluation du portrait de la situation et analyse des besoins pour appuyer l’intégration des données climatiques dans les processus municipaux de planification, d’analyse et de prise de décisions

<p>[et_pb_section fb_built= »1&Prime; fullwidth= »on » _builder_version= »3.20.2&Prime;][et_pb_fullwidth_header title= »Évaluation du portrait de la situation et analyse des besoins  » subhead= »POUR APPUYER L’INTÉGRATION DES DONNÉES CLIMATIQUES DANS LES PROCESSUS MUNICIPAUX DE PLANIFICATION, D’ANALYSE ET DE PRISE DE DÉCISIONS » text_orientation= »center » scroll_down_icon_size= »61px » background_overlay_color= »rgba(30,30,30,0.29) » _builder_version= »3.20.2&Prime; title_font= »Montserrat|300||on||||| » title_font_size= »51px » title_letter_spacing= »3px » title_line_height= »1.2em » content_font= »|||||||| » content_font_size= »23px » content_line_height= »2.2em » subhead_font= »|||on||||| » subhead_font_size= »24px » subhead_letter_spacing= »1px » subhead_line_height= »1.1em » background_color= »rgba(51,0,41,0.35) » use_background_color_gradient= »on » background_image= »http://icleicanada.org/wp-content/uploads/2019/06/Header-Oh-Canada-by-Shawn-Harquail-flickr.jpg »][/et_pb_fullwidth_header][/et_pb_section][et_pb_section fb_built= »1&Prime; _builder_version= »3.20.2&Prime; custom_padding= »3px|0px|36px|0px|false|false »][et_pb_row make_fullwidth= »on » custom_width_px= »2600px » custom_padding= »0|0px|57px|0px|false|false » _builder_version= »3.20.2&Prime; module_alignment= »center »][et_pb_column type= »1_2&Prime; _builder_version= »3.20.2&Prime;][et_pb_image src= »http://icleicanada.org/wp-content/uploads/2019/06/Content-Waterfront-and-Canada-Place-Vancouver-by-Alex-Costin-flickr.jpg » align= »center » _builder_version= »3.20.2&Prime; custom_margin= »|| » custom_padding= »172px|| »][/et_pb_image][/et_pb_column][et_pb_column type= »1_2&Prime; _builder_version= »3.20.2&Prime;][et_pb_divider color= »rgba(0,73,50,0.92) » _builder_version= »3.20.2&Prime; max_width= »14% » module_alignment= »left » custom_margin= »115px|| »][/et_pb_divider][et_pb_text _builder_version= »3.20.2&Prime; text_font= »|300||||||| » text_font_size= »16px » header_font= »Montserrat|300||||||| » header_text_color= »rgba(0,73,50,0.92) » header_font_size= »36px » header_line_height= »1.1em »]</p>
<h1>Évaluation du portrait de la situation et analyse des besoins pour appuyer l’intégration des données climatiques dans les processus municipaux de planification, d’analyse et de prise de décisions </h1>
<p>ICLEI Canada a travaillé avec Urban Systems sur un projet pour mesurer l’état de la planification de l’adaptation dans les collectivités canadiennes, pour analyser les processus décisionnels municipaux actuels en vue de cerner les forces, les faiblesses, les occasions et les risques, et pour déterminer les lacunes possibles des produits du savoir afin de mener une planification sur les changements climatiques à l’échelle locale. Nous avons mené une évaluation du portrait de la situation dans plus de 700 collectivités au Canada pour déterminer si l’adaptation aux changements climatiques a été considérée dans les documents de planification prioritaires des municipalités et, si c’est le cas, comment l’adaptation est envisagée dans ces documents. Nous avons ensuite analysé un plus petit échantillon de municipalités pour déterminer si l’adaptation aux changements climatiques est intégrée à d’autres planifications stratégiques ou directrices, notamment des plans de gestion des actifs, des plans d’intervention en cas d’urgence et des plans de gestion des eaux de ruissellement. Par la suite, nous avons mené des dizaines d’entrevues téléphoniques auprès de municipalités sélectionnées pour comprendre les éventuelles lacunes en matière de données ou de connaissances qui nuisent au processus de planification de l’adaptation à l’échelle locale.</p>
<p>Parallèlement, Urban Systems a mené une analyse FFPM des processus décisionnels municipaux actuels pour cerner les points d’entrée afin que les municipalités puissent intégrer les données sur les changements climatiques dans leur processus décisionnel. Cette analyse a également permis d’établir la disponibilité d’outils, de cadres de travail et de techniques pour que les municipalités entament le processus de planification de l’adaptation. Ultimement, les résultats du projet ont éclairé le Groupe de travail technique collaboratif sur les services climatiques municipaux (une initiative de la Fédération canadienne des municipalités et d’Environnement et Changement climatique Canada) pour aider à déterminer les types d’outils et de ressources qui devraient être développés pour appuyer la planification en matière de changements climatiques à l’échelle locale.</p>
<p>Pour obtenir plus d’information sur ce projet, communiquez avec <a href="mailto:ewa.jackson@iclei.org">ewa.jackson@iclei.org</a>.<span style="font-size: 16px;"> </span></p>
<p>[/et_pb_text][/et_pb_column][/et_pb_row][et_pb_row use_custom_width= »on » custom_width_px= »1874px » custom_padding= »0|0px||0px|false|false » make_equal= »on » _builder_version= »3.20.2&Prime; module_alignment= »center »][et_pb_column type= »1_2&Prime; _builder_version= »3.20.2&Prime;][et_pb_blurb title= »Consultation » url= »http://icleicanada.org/fr/consulting/ » url_new_window= »on » use_icon= »on » font_icon= »%%74%% » icon_color= »rgba(0,73,50,0.92) » use_icon_font_size= »on » icon_font_size= »61px » _builder_version= »3.20.2&Prime; header_font= »|||||||| » header_font_size= »22px » header_line_height= »1.4em » body_font= »|||||||| » text_orientation= »center »][/et_pb_blurb][/et_pb_column][et_pb_column type= »1_2&Prime; _builder_version= »3.20.2&Prime;][et_pb_blurb title= »Formation et ateliers » url= »http://icleicanada.org/fr/training-and-workshops/ » url_new_window= »on » use_icon= »on » font_icon= »%%157%% » icon_color= »rgba(0,73,50,0.92) » use_icon_font_size= »on » icon_font_size= »61px » _builder_version= »3.20.2&Prime; header_level= »h1&Prime; header_font= »|||||||| » header_font_size= »22px » header_line_height= »1.4em » body_font= »|||||||| » text_orientation= »center »][/et_pb_blurb][/et_pb_column][/et_pb_row][et_pb_row make_fullwidth= »on » custom_padding= »49px|0px|27px|0px|false|false » _builder_version= »3.20.2&Prime;][et_pb_column type= »4_4&Prime; _builder_version= »3.20.2&Prime;][et_pb_text _builder_version= »3.20.2&Prime; text_font= »|||||||| » text_font_size= »8px »]Photos: Header &#8211; Oh Canada by Shawn Harquail flickr and Content &#8211; Waterfront and Canada Place Vancouver by Alex Costin flickr<br />
[/et_pb_text][/et_pb_column][/et_pb_row][/et_pb_section]</p>

<p>[et_pb_section fb_built= »1&Prime; fullwidth= »on » _builder_version= »3.20.2&Prime;][et_pb_fullwidth_header title= »Évaluation du portrait de la situation et analyse des besoins  » subhead= »POUR APPUYER L’INTÉGRATION DES DONNÉES CLIMATIQUES DANS LES PROCESSUS MUNICIPAUX DE PLANIFICATION, D’ANALYSE ET DE PRISE DE DÉCISIONS » text_orientation= »center » scroll_down_icon_size= »61px » background_overlay_color= »rgba(30,30,30,0.29) » _builder_version= »3.20.2&Prime; title_font= »Montserrat|300||on||||| » title_font_size= »51px » title_letter_spacing= »3px » title_line_height= »1.2em » content_font= »|||||||| » content_font_size= »23px » content_line_height= »2.2em » subhead_font= »|||on||||| » subhead_font_size= »24px » subhead_letter_spacing= »1px » subhead_line_height= »1.1em » background_color= »rgba(51,0,41,0.35) » use_background_color_gradient= »on » background_image= »http://icleicanada.org/wp-content/uploads/2019/06/Header-Oh-Canada-by-Shawn-Harquail-flickr.jpg »][/et_pb_fullwidth_header][/et_pb_section][et_pb_section fb_built= »1&Prime; _builder_version= »3.20.2&Prime; custom_padding= »3px|0px|36px|0px|false|false »][et_pb_row make_fullwidth= »on » [&hellip;]</p>
